{"id":697,"date":"2024-02-15T10:14:11","date_gmt":"2024-02-15T10:14:11","guid":{"rendered":"https:\/\/amperformance.ma\/?page_id=697"},"modified":"2024-05-26T00:42:46","modified_gmt":"2024-05-26T00:42:46","slug":"formation-e-learning-2","status":"publish","type":"page","link":"https:\/\/amperformance.ma\/index.php\/formation-e-learning-2\/","title":{"rendered":"Formation E-LEARNING"},"content":{"rendered":"\t\t<div data-elementor-type=\"wp-page\" data-elementor-id=\"697\" class=\"elementor elementor-697\" data-elementor-post-type=\"page\">\n\t\t\t\t\t\t<section class=\"elementor-section elementor-top-section elementor-element elementor-element-53d694f elementor-section-height-min-height elementor-section-content-middle elementor-section-boxed elementor-section-height-default elementor-section-items-middle elementor-invisible\" data-id=\"53d694f\" data-element_type=\"section\" data-e-type=\"section\" data-settings=\"{&quot;background_background&quot;:&quot;classic&quot;,&quot;animation&quot;:&quot;fadeInDown&quot;}\">\n\t\t\t\t\t\t\t<div class=\"elementor-background-overlay\"><\/div>\n\t\t\t\t\t\t\t<div class=\"elementor-container elementor-column-gap-no\">\n\t\t\t\t\t<div class=\"elementor-column elementor-col-100 elementor-top-column elementor-element elementor-element-a34d623\" data-id=\"a34d623\" data-element_type=\"column\" data-e-type=\"column\" data-settings=\"{&quot;background_background&quot;:&quot;classic&quot;}\">\n\t\t\t<div class=\"elementor-widget-wrap elementor-element-populated\">\n\t\t\t\t\t\t<div class=\"elementor-element elementor-element-0bc791f elementor-widget elementor-widget-heading\" data-id=\"0bc791f\" data-element_type=\"widget\" data-e-type=\"widget\" data-widget_type=\"heading.default\">\n\t\t\t\t<div class=\"elementor-widget-container\">\n\t\t\t\t\t<h1 class=\"elementor-heading-title elementor-size-default\">Formation E-LEARNING<\/h1>\t\t\t\t<\/div>\n\t\t\t\t<\/div>\n\t\t\t\t\t<\/div>\n\t\t<\/div>\n\t\t\t\t\t<\/div>\n\t\t<\/section>\n\t\t\t\t<section class=\"elementor-section elementor-top-section elementor-element elementor-element-23a4881 elementor-section-boxed elementor-section-height-default elementor-section-height-default elementor-invisible\" data-id=\"23a4881\" data-element_type=\"section\" data-e-type=\"section\" data-settings=\"{&quot;animation&quot;:&quot;fadeInRight&quot;}\">\n\t\t\t\t\t\t\t<div class=\"elementor-background-overlay\"><\/div>\n\t\t\t\t\t\t\t<div class=\"elementor-container elementor-column-gap-no\">\n\t\t\t\t\t<div class=\"elementor-column elementor-col-50 elementor-top-column elementor-element elementor-element-9753f72\" data-id=\"9753f72\" data-element_type=\"column\" data-e-type=\"column\">\n\t\t\t<div class=\"elementor-widget-wrap elementor-element-populated\">\n\t\t\t\t\t\t<div class=\"elementor-element elementor-element-eb8a70b elementor-invisible elementor-widget elementor-widget-image\" data-id=\"eb8a70b\" data-element_type=\"widget\" data-e-type=\"widget\" data-settings=\"{&quot;_animation&quot;:&quot;fadeInDown&quot;}\" data-widget_type=\"image.default\">\n\t\t\t\t<div class=\"elementor-widget-container\">\n\t\t\t\t\t\t\t\t\t\t\t\t\t\t\t<img fetchpriority=\"high\" decoding=\"async\" width=\"1000\" height=\"605\" src=\"https:\/\/amperformance.ma\/wp-content\/uploads\/2024\/02\/cost-elearning-training1-1.jpg\" class=\"attachment-full size-full wp-image-700\" alt=\"\" srcset=\"https:\/\/amperformance.ma\/wp-content\/uploads\/2024\/02\/cost-elearning-training1-1.jpg 1000w, https:\/\/amperformance.ma\/wp-content\/uploads\/2024\/02\/cost-elearning-training1-1-300x182.jpg 300w, https:\/\/amperformance.ma\/wp-content\/uploads\/2024\/02\/cost-elearning-training1-1-768x465.jpg 768w, https:\/\/amperformance.ma\/wp-content\/uploads\/2024\/02\/cost-elearning-training1-1-600x363.jpg 600w\" sizes=\"(max-width: 1000px) 100vw, 1000px\" \/>\t\t\t\t\t\t\t\t\t\t\t\t\t\t\t<\/div>\n\t\t\t\t<\/div>\n\t\t\t\t\t<\/div>\n\t\t<\/div>\n\t\t\t\t<div class=\"elementor-column elementor-col-50 elementor-top-column elementor-element elementor-element-a764cdb\" data-id=\"a764cdb\" data-element_type=\"column\" data-e-type=\"column\">\n\t\t\t<div class=\"elementor-widget-wrap elementor-element-populated\">\n\t\t\t\t\t\t<section class=\"elementor-section elementor-inner-section elementor-element elementor-element-0df7768 elementor-section-boxed elementor-section-height-default elementor-section-height-default\" data-id=\"0df7768\" data-element_type=\"section\" data-e-type=\"section\">\n\t\t\t\t\t\t<div class=\"elementor-container elementor-column-gap-no\">\n\t\t\t\t\t<div class=\"elementor-column elementor-col-100 elementor-inner-column elementor-element elementor-element-d00dc6f\" data-id=\"d00dc6f\" data-element_type=\"column\" data-e-type=\"column\" data-settings=\"{&quot;background_background&quot;:&quot;classic&quot;}\">\n\t\t\t<div class=\"elementor-widget-wrap elementor-element-populated\">\n\t\t\t\t\t<div class=\"elementor-background-overlay\"><\/div>\n\t\t\t\t\t\t<div class=\"elementor-element elementor-element-8e000ca elementor-widget-divider--view-line elementor-widget elementor-widget-divider\" data-id=\"8e000ca\" data-element_type=\"widget\" data-e-type=\"widget\" data-widget_type=\"divider.default\">\n\t\t\t\t<div class=\"elementor-widget-container\">\n\t\t\t\t\t\t\t<div class=\"elementor-divider\">\n\t\t\t<span class=\"elementor-divider-separator\">\n\t\t\t\t\t\t<\/span>\n\t\t<\/div>\n\t\t\t\t\t\t<\/div>\n\t\t\t\t<\/div>\n\t\t\t\t<div class=\"elementor-element elementor-element-9172439 elementor-widget elementor-widget-heading\" data-id=\"9172439\" data-element_type=\"widget\" data-e-type=\"widget\" data-widget_type=\"heading.default\">\n\t\t\t\t<div class=\"elementor-widget-container\">\n\t\t\t\t\t<h2 class=\"elementor-heading-title elementor-size-default\"><h5 class=\"elementor-icon-box-title\" style=\"margin-bottom: 10px;line-height: var( --e-global-typography-61eed76-line-height );font-family: var( --e-global-typography-61eed76-font-family ), Sans-serif;font-size: var( --e-global-typography-61eed76-font-size );font-style: normal;font-weight: var( --e-global-typography-61eed76-font-weight );letter-spacing: -0.6px;text-align: center\"><a href=\"https:\/\/amperformance.ma\/#\" style=\"font-size: 24px\">Formation E-LEARNING<\/a><\/h5><\/h2>\t\t\t\t<\/div>\n\t\t\t\t<\/div>\n\t\t\t\t\t<\/div>\n\t\t<\/div>\n\t\t\t\t\t<\/div>\n\t\t<\/section>\n\t\t\t\t<div class=\"elementor-element elementor-element-820ad53 elementor-widget__width-initial elementor-widget elementor-widget-text-editor\" data-id=\"820ad53\" data-element_type=\"widget\" data-e-type=\"widget\" data-widget_type=\"text-editor.default\">\n\t\t\t\t<div class=\"elementor-widget-container\">\n\t\t\t\t\t\t\t\t\t<p>D\u00e9couvrez une nouvelle fa\u00e7on d&rsquo;apprendre avec les formations E-Learning propos\u00e9es par AM. Nos programmes d&rsquo;apprentissage en ligne vous offrent la flexibilit\u00e9 et la commodit\u00e9 d&rsquo;\u00e9tudier o\u00f9 et quand vous le souhaitez, tout en b\u00e9n\u00e9ficiant d&rsquo;un enseignement de qualit\u00e9 dispens\u00e9 par des experts dans leur domaine.<\/p><h4>Pourquoi Choisir la Formation E-Learning ?<\/h4><p>Les formations E-Learning pr\u00e9sentent de nombreux avantages, notamment :<\/p><ul><li><p><strong>Flexibilit\u00e9 :<\/strong> \u00c9tudiez \u00e0 votre propre rythme, \u00e0 n&rsquo;importe quel moment et depuis n&rsquo;importe o\u00f9, gr\u00e2ce \u00e0 notre plateforme d&rsquo;apprentissage en ligne accessible 24\/7.<\/p><\/li><li><p><strong>Accessibilit\u00e9 :<\/strong> Acc\u00e9dez \u00e0 du contenu p\u00e9dagogique de haute qualit\u00e9, des ressources multim\u00e9dias et des outils d&rsquo;apprentissage interactifs, le tout depuis le confort de votre domicile.<\/p><\/li><li><p><strong>Personnalisation :<\/strong> Choisissez parmi une vari\u00e9t\u00e9 de cours et de modules pour cr\u00e9er un programme d&rsquo;\u00e9tudes adapt\u00e9 \u00e0 vos besoins sp\u00e9cifiques et \u00e0 vos objectifs acad\u00e9miques et professionnels.<\/p><\/li><\/ul>\t\t\t\t\t\t\t\t<\/div>\n\t\t\t\t<\/div>\n\t\t\t\t\t<\/div>\n\t\t<\/div>\n\t\t\t\t\t<\/div>\n\t\t<\/section>\n\t\t\t\t<section class=\"elementor-section elementor-top-section elementor-element elementor-element-076cb7f elementor-section-boxed elementor-section-height-default elementor-section-height-default\" data-id=\"076cb7f\" data-element_type=\"section\" data-e-type=\"section\">\n\t\t\t\t\t\t\t<div class=\"elementor-background-overlay\"><\/div>\n\t\t\t\t\t\t\t<div class=\"elementor-container elementor-column-gap-no\">\n\t\t\t\t\t<div class=\"elementor-column elementor-col-100 elementor-top-column elementor-element elementor-element-af3167a\" data-id=\"af3167a\" data-element_type=\"column\" data-e-type=\"column\">\n\t\t\t<div class=\"elementor-widget-wrap elementor-element-populated\">\n\t\t\t\t\t\t<div class=\"elementor-element elementor-element-0ea68f4 elementor-invisible elementor-widget elementor-widget-heading\" data-id=\"0ea68f4\" data-element_type=\"widget\" data-e-type=\"widget\" data-settings=\"{&quot;_animation&quot;:&quot;fadeInDown&quot;}\" data-widget_type=\"heading.default\">\n\t\t\t\t<div class=\"elementor-widget-container\">\n\t\t\t\t\t<h5 class=\"elementor-heading-title elementor-size-default\">Nos Offres<\/h5>\t\t\t\t<\/div>\n\t\t\t\t<\/div>\n\t\t\t\t<div class=\"elementor-element elementor-element-f4103ca elementor-invisible elementor-widget elementor-widget-text-editor\" data-id=\"f4103ca\" data-element_type=\"widget\" data-e-type=\"widget\" data-settings=\"{&quot;_animation&quot;:&quot;fadeInDown&quot;}\" data-widget_type=\"text-editor.default\">\n\t\t\t\t<div class=\"elementor-widget-container\">\n\t\t\t\t\t\t\t\t\t<p>AM propose une gamme diversifi\u00e9e de formations E-Learning dans des domaines vari\u00e9s, y compris :<\/p><ul><li><p><strong>Langues \u00c9trang\u00e8res :<\/strong> Apprenez une nouvelle langue ou perfectionnez vos comp\u00e9tences linguistiques avec nos cours de langues en ligne interactifs et dynamiques.<\/p><\/li><li><p><strong>D\u00e9veloppement Professionnel :<\/strong> Am\u00e9liorez vos comp\u00e9tences professionnelles et acqu\u00e9rez de nouvelles connaissances dans des domaines tels que le management, la gestion de projet, la communication, etc.<\/p><\/li><li><p><strong>Informatique et Technologie :<\/strong> Explorez les derni\u00e8res technologies et d\u00e9veloppez vos comp\u00e9tences en informatique avec nos cours sp\u00e9cialis\u00e9s en ligne.<\/p><\/li><\/ul>\t\t\t\t\t\t\t\t<\/div>\n\t\t\t\t<\/div>\n\t\t\t\t\t<\/div>\n\t\t<\/div>\n\t\t\t\t\t<\/div>\n\t\t<\/section>\n\t\t<div class=\"elementor-element elementor-element-275aea62 e-flex e-con-boxed e-con e-parent\" data-id=\"275aea62\" data-element_type=\"container\" data-e-type=\"container\">\n\t\t\t\t\t<div class=\"e-con-inner\">\n\t\t\t\t<div class=\"elementor-element elementor-element-74762840 elementor-invisible elementor-widget elementor-widget-text-editor\" data-id=\"74762840\" data-element_type=\"widget\" data-e-type=\"widget\" data-settings=\"{&quot;_animation&quot;:&quot;fadeInDown&quot;}\" data-widget_type=\"text-editor.default\">\n\t\t\t\t<div class=\"elementor-widget-container\">\n\t\t\t\t\t\t\t\t\t<h4>Pourquoi Nous Choisir<\/h4><ul><li><p><strong>Expertise P\u00e9dagogique :<\/strong> Nos cours sont d\u00e9velopp\u00e9s par des experts dans leur domaine, garantissant un contenu p\u00e9dagogique de haute qualit\u00e9 et une exp\u00e9rience d&rsquo;apprentissage enrichissante.<\/p><\/li><li><p><strong>Interaction et Support :<\/strong> B\u00e9n\u00e9ficiez d&rsquo;une interaction r\u00e9guli\u00e8re avec vos instructeurs et vos pairs, ainsi que d&rsquo;un support technique et p\u00e9dagogique tout au long de votre parcours d&rsquo;apprentissage.<\/p><\/li><li><p><strong>Certification :<\/strong> \u00c0 la fin de votre formation, recevez une certification reconnue qui atteste de vos comp\u00e9tences et de vos connaissances acquises.<\/p><\/li><\/ul><h4>Contactez-Nous<\/h4><p>Pr\u00eat \u00e0 d\u00e9marrer votre parcours d&rsquo;apprentissage en ligne ? Contactez-nous d\u00e8s aujourd&rsquo;hui pour en savoir plus sur nos programmes de formation E-Learning et commencez \u00e0 d\u00e9velopper vos comp\u00e9tences d\u00e8s maintenant !<\/p>\t\t\t\t\t\t\t\t<\/div>\n\t\t\t\t<\/div>\n\t\t\t\t\t<\/div>\n\t\t\t\t<\/div>\n\t\t\t\t<\/div>\n\t\t","protected":false},"excerpt":{"rendered":"<p>Formation E-LEARNING Formation E-LEARNING D\u00e9couvrez une nouvelle fa\u00e7on d&rsquo;apprendre avec les formations E-Learning propos\u00e9es par AM. Nos programmes d&rsquo;apprentissage en ligne vous offrent la flexibilit\u00e9 et la commodit\u00e9 d&rsquo;\u00e9tudier o\u00f9 et quand vous le souhaitez, tout en b\u00e9n\u00e9ficiant d&rsquo;un enseignement de qualit\u00e9 dispens\u00e9 par des experts dans leur domaine. Pourquoi Choisir la Formation E-Learning ? [&hellip;]<\/p>\n","protected":false},"author":1,"featured_media":0,"parent":0,"menu_order":0,"comment_status":"closed","ping_status":"closed","template":"","meta":{"_monsterinsights_skip_tracking":false,"_monsterinsights_sitenote_active":false,"_monsterinsights_sitenote_note":"","_monsterinsights_sitenote_category":0,"ocean_post_layout":"full-screen","ocean_both_sidebars_style":"","ocean_both_sidebars_content_width":0,"ocean_both_sidebars_sidebars_width":0,"ocean_sidebar":"","ocean_second_sidebar":"","ocean_disable_margins":"enable","ocean_add_body_class":"","ocean_shortcode_before_top_bar":"","ocean_shortcode_after_top_bar":"","ocean_shortcode_before_header":"","ocean_shortcode_after_header":"","ocean_has_shortcode":"","ocean_shortcode_after_title":"","ocean_shortcode_before_footer_widgets":"","ocean_shortcode_after_footer_widgets":"","ocean_shortcode_before_footer_bottom":"","ocean_shortcode_after_footer_bottom":"","ocean_display_top_bar":"default","ocean_display_header":"default","ocean_header_style":"","ocean_center_header_left_menu":"","ocean_custom_header_template":"","ocean_custom_logo":0,"ocean_custom_retina_logo":0,"ocean_custom_logo_max_width":0,"ocean_custom_logo_tablet_max_width":0,"ocean_custom_logo_mobile_max_width":0,"ocean_custom_logo_max_height":0,"ocean_custom_logo_tablet_max_height":0,"ocean_custom_logo_mobile_max_height":0,"ocean_header_custom_menu":"","ocean_menu_typo_font_family":"","ocean_menu_typo_font_subset":"","ocean_menu_typo_font_size":0,"ocean_menu_typo_font_size_tablet":0,"ocean_menu_typo_font_size_mobile":0,"ocean_menu_typo_font_size_unit":"px","ocean_menu_typo_font_weight":"","ocean_menu_typo_font_weight_tablet":"","ocean_menu_typo_font_weight_mobile":"","ocean_menu_typo_transform":"","ocean_menu_typo_transform_tablet":"","ocean_menu_typo_transform_mobile":"","ocean_menu_typo_line_height":0,"ocean_menu_typo_line_height_tablet":0,"ocean_menu_typo_line_height_mobile":0,"ocean_menu_typo_line_height_unit":"","ocean_menu_typo_spacing":0,"ocean_menu_typo_spacing_tablet":0,"ocean_menu_typo_spacing_mobile":0,"ocean_menu_typo_spacing_unit":"","ocean_menu_link_color":"","ocean_menu_link_color_hover":"","ocean_menu_link_color_active":"","ocean_menu_link_background":"","ocean_menu_link_hover_background":"","ocean_menu_link_active_background":"","ocean_menu_social_links_bg":"","ocean_menu_social_hover_links_bg":"","ocean_menu_social_links_color":"","ocean_menu_social_hover_links_color":"","ocean_disable_title":"on","ocean_disable_heading":"default","ocean_post_title":"","ocean_post_subheading":"","ocean_post_title_style":"","ocean_post_title_background_color":"","ocean_post_title_background":0,"ocean_post_title_bg_image_position":"","ocean_post_title_bg_image_attachment":"","ocean_post_title_bg_image_repeat":"","ocean_post_title_bg_image_size":"","ocean_post_title_height":0,"ocean_post_title_bg_overlay":0.5,"ocean_post_title_bg_overlay_color":"","ocean_disable_breadcrumbs":"default","ocean_breadcrumbs_color":"","ocean_breadcrumbs_separator_color":"","ocean_breadcrumbs_links_color":"","ocean_breadcrumbs_links_hover_color":"","ocean_display_footer_widgets":"default","ocean_display_footer_bottom":"default","ocean_custom_footer_template":"","footnotes":""},"class_list":["post-697","page","type-page","status-publish","hentry","entry","owp-thumbs-layout-horizontal","owp-btn-normal","owp-tabs-layout-horizontal","has-no-thumbnails","has-product-nav"],"jetpack_sharing_enabled":true,"_links":{"self":[{"href":"https:\/\/amperformance.ma\/index.php\/wp-json\/wp\/v2\/pages\/697","targetHints":{"allow":["GET"]}}],"collection":[{"href":"https:\/\/amperformance.ma\/index.php\/wp-json\/wp\/v2\/pages"}],"about":[{"href":"https:\/\/amperformance.ma\/index.php\/wp-json\/wp\/v2\/types\/page"}],"author":[{"embeddable":true,"href":"https:\/\/amperformance.ma\/index.php\/wp-json\/wp\/v2\/users\/1"}],"replies":[{"embeddable":true,"href":"https:\/\/amperformance.ma\/index.php\/wp-json\/wp\/v2\/comments?post=697"}],"version-history":[{"count":13,"href":"https:\/\/amperformance.ma\/index.php\/wp-json\/wp\/v2\/pages\/697\/revisions"}],"predecessor-version":[{"id":1682,"href":"https:\/\/amperformance.ma\/index.php\/wp-json\/wp\/v2\/pages\/697\/revisions\/1682"}],"wp:attachment":[{"href":"https:\/\/amperformance.ma\/index.php\/wp-json\/wp\/v2\/media?parent=697"}],"curies":[{"name":"wp","href":"https:\/\/api.w.org\/{rel}","templated":true}]}}